.
93
What is the remainder when 109 is divided by 11?
10
What is the remainder when 91 is divided by 19?
15
What is the remainder when 986 is divided by 5?
1
What is the remainder when 688 is divided by 86?
0
Calculate the remainder when 7117 is divided by 20.
17
What is the remainder when 9 is divided by 3?
0
Calculate the remainder when 379 is divided by 65.
54
Calculate the remainder when 165 is divided by 55.
0
What is the remainder when 712 is divided by 56?
40
What is the remainder when 369 is divided by 34?
29
Calculate the remainder when 311 is divided by 13.
12
Calculate the remainder when 110 is divided by 71.
39
What is the remainder when 3378 is divided by 178?
174
What is the remainder when 452 is divided by 13?
10
Calculate the remainder when 93 is divided by 14.
9
What is the remainder when 489 is divided by 82?
79
What is the remainder when 2945 is divided by 364?
33
What is the remainder when 199 is divided by 6?
1
What is the remainder when 41 is divided by 9?
5
What is the remainder when 926 is divided by 32?
30
Calculate the remainder when 646 is divided by 18.
16
What is the remainder when 3364 is divided by 13?
10
Calculate the remainder when 1273 is divided by 13.
12
Calculate the remainder when 2445 is divided by 203.
9
What is the remainder when 176 is divided by 46?
38
Calculate the remainder when 4531 is divided by 103.
102
What is the remainder when 556 is divided by 43?
40
Calculate the remainder when 9043 is divided by 19.
18
Calculate the remainder when 555 is divided by 95.
80
Calculate the remainder when 748 is divided by 27.
19
What is the remainder when 89 is divided by 45?
44
Calculate the remainder when 257 is divided by 8.
1
What is the remainder when 542 is divided by 91?
87
What is the remainder when 121 is divided by 50?
21
What is the remainder when 884 is divided by 56?
44
What is the remainder when 120 is divided by 23?
5
What is the remainder when 82 is divided by 21?
19
Calculate the remainder when 162 is divided by 19.
10
Calculate the remainder when 1361 is divided by 153.
137
What is the remainder when 5991 is divided by 56?
55
What is the remainder when 3743 is divided by 12?
11
Calculate the remainder when 615 is divided by 44.
43
What is the remainder when 164 is divided by 67?
30
What is the remainder when 2481 is divided by 23?
20
What is the remainder when 134 is divided by 35?
29
What is the remainder when 243 is divided by 19?
15
What is the remainder when 2096 is divided by 81?
71
Calculate the remainder when 7730 is divided by 37.
34
What is the remainder when 84 is divided by 50?
34
What is the remainder when 93 is divided by 28?
9
What is the remainder when 107 is divided by 43?
21
What is the remainder when 2622 is divided by 29?
12
What is the remainder when 1010 is divided by 170?
160
What is the remainder when 769 is divided by 14?
13
Calculate the remainder when 364 is divided by 30.
4
What is the remainder when 143 is divided by 26?
13
What is the remainder when 306 is divided by 7?
5
Calculate the remainder when 404 is divided by 109.
77
Calculate the remainder when 310 is divided by 309.
1
Calculate the remainder when 118 is divided by 42.
34
Calculate the remainder when 974 is divided by 325.
324
What is the remainder when 677 is divided by 68?
65
What is the remainder when 346 is divided by 87?
85
What is the remainder when 465 is divided by 77?
3
What is the remainder when 187 is divided by 93?
1
What is the remainder when 46 is divided by 29?
17
Calculate the remainder when 1051 is divided by 262.
3
Calculate the remainder when 318 is divided by 46.
42
What is the remainder when 498 is divided by 4?
2
Calculate the remainder when 156 is divided by 55.
46
What is the remainder when 282 is divided by 36?
30
What is the remainder when 1797 is divided by 4?
1
What is the remainder when 852 is divided by 14?
12
What is the remainder when 186 is divided by 24?
18
Calculate the remainder when 222 is divided by 24.
6
Calculate the remainder when 442 is divided by 108.
10
Calculate the remainder when 44 is divided by 9.
8
What is the remainder when 4020 is divided by 51?
42
What is the remainder when 134 is divided by 27?
26
What is the remainder when 60 is divided by 20?
0
What is the remainder when 1068 is divided by 352?
12
Calculate the remainder when 345 is divided by 58.
55
What is the remainder when 4444 is divided by 78?
76
Calculate the remainder when 44 is divided by 10.
4
What is the remainder when 198 is divided by 20?
18
What is the remainder when 168 is divided by 29?
23
What is the remainder when 419 is divided by 61?
53
Calculate the remainder when 435 is divided by 23.
21
What is the remainder when 508 is divided by 27?
22
What is the remainder when 321 is divided by 65?
61
What is the remainder when 1185 is divided by 12?
9
Calculate the remainder when 298 is divided by 85.
43
What is the remainder when 378 is divided by 375?
3
Calculate the remainder when 1896 is divided by 238.
230
Calculate the remainder when 77 is divided by 10.
7
What is the remainder when 568 is divided by 83?
70
What is the remainder when 291 is divided by 99?
93
Calculate the remainder when 515 is divided by 10.
5
What is the remainder when 2428 is divided by 2392?
36
What is the remainder when 5253 is divided by 61?
7
What is the remainder when 698 is divided by 50?
48
Calculate the remainder when 627 is divided by 21.
18
What is the remainder when 1907 is divided by 53?
52
Calculate the remainder when 316 is divided by 12.
4
What is the remainder when 150 is divided by 56?
38
Calculate the remainder when 177 is divided by 40.
17
What is the remainder when 2882 is divided by 1439?
4
Calculate the remainder when 44 is divided by 18.
8
What is the remainder when 929 is divided by 15?
14
Calculate the remainder when 202 is divided by 64.
10
What is the remainder when 1815 is divided by 167?
145
What is the remainder when 518 is divided by 131?
125
What is the remainder when 319 is divided by 42?
25
Calculate the remainder when 256 is divided by 26.
22
Calculate the remainder when 1089 is divided by 109.
108
Calculate the remainder when 1515 is divided by 117.
111
What is the remainder when 36 is divided by 32?
4
What is the remainder when 22 is divided by 7?
1
Calculate the remainder when 369 is divided by 22.
17
Calculate the remainder when 182 is divided by 8.
6
What is the remainder when 276 is divided by 150?
126
What is the remainder when 133 is divided by 17?
14
What is the remainder when 68 is divided by 14?
12
Calculate the remainder when 2064 is divided by 116.
92
Calculate the remainder when 1415 is divided by 109.
107
What is the remainder when 323 is divided by 107?
2
Calculate the remainder when 222 is divided by 50.
22
Calculate the remainder when 83 is divided by 11.
6
Calculate the remainder when 38 is divided by 29.
9
Calculate the remainder when 339 is divided by 15.
9
Calculate the remainder when 506 is divided by 503.
3
What is the remainder when 2687 is divided by 69?
65
Calculate the remainder when 123 is divided by 19.
9
What is the remainder when 618 is divided by 31?
29
What is the remainder when 3680 is divided by 14?
12
What is the remainder when 15865 is divided by 387?
385
What is the remainder when 14837 is divided by 40?
37
What is the remainder when 314 is divided by 30?
14
What is the remainder when 49 is divided by 8?
1
What is the remainder when 104 is divided by 49?
6
Calculate the remainder when 262 is divided by 24.
22
What is the remainder when 439 is divided by 19?
2
What is the remainder when 3478 is divided by 20?
18
What is the remainder when 98 is divided by 33?
32
Calculate the remainder when 227 is divided by 44.
7
Calculate the remainder when 578 is divided by 117.
110
Calculate the remainder when 1527 is divided by 18.
15
What is the remainder when 15 is divided by 10?
5
Calculate the remainder when 175 is divided by 22.
21
What is the remainder when 220 is divided by 6?
4
Calculate the remainder when 82 is divided by 31.
20
What is the remainder when 32 is divided by 2?
0
Calculate the remainder when 141 is divided by 43.
12
What is the remainder when 1091 is divided by 184?
171
What is the remainder when 53 is divided by 21?
11
What is 